3*y**b. Determine m(6).
-6
Suppose 31*g - 156 = -32. Let c(s) be the second derivative of 1/6*s**3 + 0*s**g - 1/2*s**2 - 3/10*s**5 + 0 - 10*s. What is c(1)?
-6
Let h = 0 - -3. Let i(p) = 5*p**2 + 4*p**h + 5*p - 3*p**3 + 0*p**3. Let f be ((24/5)/(-3))/(6/15). Calculate i(f).
-4
Let y(o) = 3*o - 2. Let c(d) = d**2 + d - 1. Let t be c(1). Let m be y(t). Let h(s) = -6*s. Determine h(m).
-6
Let a(k) be the first derivative of 4*k**2 - k + 365. Determine a(-4).
-33
Let c(r) = 7*r**3 - 12*r**2 + 2*r - 7. Suppose -15 = 4*n + 9. Let j(w) = -13*w**3 + 23*w**2 - 3*w + 13. Let l(i) = n*j(i) - 11*c(i). Calculate l(6).
-25
Let l(q) = 0*q**2 + 3*q + 3 - 12*q**3 - 3*q**2 + q**2 + 10*q**3 - q. Give l(-2).
7
Let p be 4 + (6/15)/((-2)/10). Let h(f) = 3*f**2 - 4*f + 3. What is h(p)?
7
Let g(c) = c**2 + 3*c - 1. Suppose 4*w = 3*w - 4*m - 14, m - 4 = -4*w. Suppose 5*h - s = w*h + 9, 4*h + 5*s = -7. What is g(h)?
9
Let v be -2 + 2 + (13 - 13)/(-10). Let x(q) be the second derivative of v + 1/6*q**3 - 5/2*q**2 + 9*q. What is x(6)?
1
Let y(v) be the first derivative of 2*v**3/3 - v + 81. Let n = 18 + -17. Calculate y(n).
1
Let d be (-16)/(-12)*(-1)/2*-3. Let o(f) = f**2 - 3*f + 1. Determine o(d).
-1
Let b(d) = d**2 - 8*d - 10. Suppose 21*j + 20 = 26*j. Suppose 0*n + j*h = -2*n + 22, -n + 5 = -h. Give b(n).
-17
Let s(z) = 2*z**2 + z - 1. Suppose 0 = -4*c - 5*p + 6 - 0, -2*p = -5*c - 9. Let f = c - -1. Suppose 3*b - j = -3*j + 2, 4*b - 4*j - 16 = f. Give s(b).
9
Let m be ((-10)/8)/((-1)/(-4)). Let q(o) be the second derivative of -o**3/6 - o**2 - 9*o - 1. What is q(m)?
3
Suppose 19 + 1 = -4*h. Let i(t) be the second derivative of -5*t + 0 - 1/2*t**2 - 1/3*t**3. Calculate i(h).
9
Let f be (2/(-4))/(2/(-8)). Let n(o) = 22*o**2 + 1 - 4*o + 4*o + f*o - 17*o**2. Suppose 0 = 4*b + 6 - 2. Determine n(b).
4
Let k(f) = 3*f + 0 + 0*f - f - 5 - 3*f. Give k(-2).
-3
Let w(v) = v - 3. Let q = 3 + 5. Let s be (6/(-4))/(q/(-80)). Suppose 0*c - s = -3*c. Determine w(c).
2
Let c = 83 - 59. Let o = 30 - c. Let f(d) = d**3 - 7*d**2 + 7*d - 7. Determine f(o).
-1
Let p(r) = 3*r - 1. Suppose 0 = 2*z - z - 6. Suppose 6 = 2*t - 2*x, 11*x - 26 = -4*t + 8*x. Suppose 11*l = z*l + t. Calculate p(l).
2
Let r(n) = 7*n**2 + 10*n - 12*n**2 - 2 + 6*n**2. Calculate r(-10).
-2
Let w(m) = -m**2 - 16*m - 27. Let s be w(-14). Let p(g) = 7*g - 6*g + g - s. Calculate p(-1).
-3
Let f be (-2)/9 + (-1292)/342. Let n(p) = p**2 + 5*p - 4. What is n(f)?
-8
Let t(i) = -i**3 + 7*i**2 - i + 4. Suppose -5*k + 15 = -2*o, 2*o + 4 = -3*k - 3. Suppose -k - 6 = -w. Determine t(w).
-3
Let g(i) = 16*i - 76. Let m be g(5). Let f(x) be the third derivative of 0 + 0*x**m - 1/2*x**3 + 1/120*x**6 - 2*x**2 + 1/12*x**5 + 0*x. What is f(-5)?
-3
Let n(l) = 4*l**3 - 25*l**2 + 29*l - 12. Let k be n(5). Let p(x) = -x**2 + 6*x. What is p(k)?
-16
Let w(i) = -2770*i - 3 + 1382*i - 3*i**3 + 1390*i. Determine w(2).
-23
Let w(u) = 10 - 13*u + 9*u + 2*u + 3*u. What is w(0)?
10
Let g(q) = 3*q**3 + 9*q**2 + q - 5. Let w(y) = 5*y**3 + 19*y**2 + 2*y - 11. Let i(v) = -7*g(v) + 4*w(v). Determine i(13).
4
Let q(k) = 18*k**2 - 65*k**2 + 16*k**2 + 15*k**2 + 17*k**2 - 2 + 2*k. Give q(-4).
6
Let x(f) = -f + 11. Let p = -724 + 708. Determine x(p).
27
Let j(m) = m**3 - 4*m**2 - 6*m - 2. Let g = -78 + 83. What is j(g)?
-7
Let o(d) be the third derivative of -7*d**4/24 + 2*d**2. Let a(g) = 4*g. Let z(k) = 5*a(k) + 3*o(k). Let x = -10 + 5. What is z(x)?
5
Let g(c) be the first derivative of c**4/4 - c**3 - c + 7. Let n be g(3). Let f = 1 + n. Let t(q) = -q**2 - 9. Calculate t(f).
-9
Suppose -12 = -4*m + v, m + 5*v = -0*v - 18. Let j(q) = q**3 - 4*q**2 + 2*q + 2. Calculate j(m).
-2
Let x(l) = 29*l + 753. Let v be x(-26). Let o(u) = 26*u**2 + u. Give o(v).
25
Let t(p) = -10*p - 1. Let o be t(8). Let w = 74 + o. Let j(y) = y**3 + 7*y**2 + 9. Calculate j(w).
9
Let s(r) = -6*r + 3*r - r**2 + 2*r + 1. Let l(j) = -j - 4. Let z(m) = -l(m) - s(m). Let c be 15/(-12) - 3/4. Give z(c).
3
Let x(c) = 13312*c + 6 + 13 - 2 - 13315*c + 9. What is x(17)?
-25
Suppose -3*t = t - 120. Let r be (-86)/t - (-8)/(-60). Let z(k) = k**2 + 2*k - 2. Calculate z(r).
1
Let m(i) be the second derivative of -i**5/10 + i**4/4 - i**3/2 + i**2 + 42*i. Calculate m(2).
-8
Suppose 7 = 3*x + 4*p - 5*p, -2*p = 4*x - 16. Let g be (-2)/x*6/(-5)*-5. Let q(y) = y**3 + 5*y**2 - 3*y - 5. Determine q(g).
23
Let d be (2 - 1)*2*30/4. Let h be (-60)/d*1/2. Let p(x) = -x - 1. Determine p(h).
1
Let c = -13 + 33. Suppose -2*r = -5*q + c, -q - 16 = r - 5*q. Suppose r*w + 18 = 3*w. Let z(o) = -o**3 + 7*o**2 - 6*o + 4. Give z(w).
4
Suppose -21*q + 41*q + 180 = 0. Let a(d) = d + 14. Let l(x) = -x - 15. Let r(u) = -3*a(u) - 2*l(u). Determine r(q).
-3
Let q(j) be the second derivative of -j**5/20 - 17*j**4/12 - 8*j**3/3 - 2*j**2 + 95*j - 1. Determine q(-16).
-4
Suppose 3*v = 15, -v = 2*z - 0*v + 9. Let i(h) = h**3 + 6*h**2 - 7*h + 4. Calculate i(z).
4
Let q(h) = -14*h - 17. Let r(m) = 5*m + 6. Let n(j) = -6*q(j) - 17*r(j). Suppose 0*g + 4 = 2*g. Suppose 2*x - 8 = 5*y, 5*x - g*y - 20 = -0*y. Determine n(x).
-4
Let o(y) = 5*y + 5. Let f be 4/(-1) + -2 + (-2 - -5). Calculate o(f).
-10
Suppose -w = -5*n + 14, -4*w - 20 = n - 3*n. Let s(f) = -n*f - 11*f + 8*f + 3. Calculate s(2).
-7
Let n be 76/(-12) - 2/(-6). Let p be (-3)/n + 4/8. Let f be (-3 - (0 + p)) + 2. Let h(q) = -2*q + 2. Determine h(f).
6
Suppose 4*l - 5*d = -36, -l - 2*d = -2*l - 12. Let n(v) = -v**3 - 3*v**2 - v - 5. Determine n(l).
15
Suppose 5*x = -2*o + 18, o - 7 = -4*x + 8. Let w(q) = -48*q**2 + 1. What is w(o)?
-47
Let r(y) = 108 + 2*y + 101 - 192. What is r(-4)?
9
Let k(m) = -7*m**3 + m**2 + 2*m + 2. Let o(l) = l**2 + l + 1. Let p(b) = k(b) - o(b). Let a be (1 - (-12)/(-8))/(1/2). What is p(a)?
7
Let f(i) be the third derivative of i**6/120 - i**5/15 - i**4/12 + 2*i**3/3 + 226*i**2. Give f(4).
-4
Let t(f) = -306*f**2 - 299*f**2 - 6 + 1215*f**2 - 307*f**2 + 2*f - 301*f**2. What is t(-4)?
18
Let o(p) = 5986 + 4*p - 5990 + p**3 - 13*p**2 + 6*p. What is o(12)?
-28
Let d(m) = m + 1. Suppose -2*n - 6 = 4*c, 9 = 4*n + 5. What is d(c)?
-1
Let p(c) be the third derivative of c**4/12 + 3*c**3/2 + 79*c**2. Determine p(7).
23
Let r(s) = 0*s**2 + s**3 + s**2 + 3 - 2*s + s**2 + 0*s**2. What is r(-3)?
0
Let m = -6 + 0. Let u(w) be the third derivative of 1/60*w**5 + 0*w + 11*w**2 + 0 - 1/6*w**3 + 1/4*w**4. What is u(m)?
-1
Suppose -4*f - 5*r = -28 + 76, -f + 4*r + 9 = 0. Let k = f - -11. Let g(v) = v - 9. Give g(k).
-5
Let m(k) = -4*k + 1. Let u = 349 - 353. Give m(u).
17
Let k(f) = 30*f + 27*f + 4 - 14*f**3 + 13*f**3 - 55*f - 3*f**2. What is k(-5)?
44
Suppose 0*n - 8 = -2*n. Let f be (1 - n - -3) + 1. Let o be (66/55)/(f/(-5)). Let t(h) = -h**2 - 8*h - 7. What is t(o)?
5
Let k(d) = -d**2 - 10*d - 18. Let s be k(-7). Suppose f = -4*f + 15, 0 = -3*w + s*f + 3. Let b(t) = 0*t + t + t**3 - 1 - 5*t**2 - t**3 + t**3. Give b(w).
-13
Let f(g) = -22*g - 410. Let w be f(-19). Let m(h) = -h**3 + 8*h**2 - 4*h - 8. Calculate m(w).
-40
Let p(k) = k - 16. Let j be p(16). Let o be (j - -1)/((-2)/(-12)). Let g(c) = -o + 18 - c**2 - 24. Determine g(0).
-12
Let d(c) = c**3 + c - 2. Let m = -109 + 112. Determine d(m).
28
Let f(i) = -i + 1. Let z(g) = -g**2 - 2*g - 6. Let y(t) = 2*f(t) + z(t). Suppose -12 = -p + 2*b - 3, 3*p + 2*b = 27. Suppose -p*j - 20 - 7 = 0. Give y(j).
-1
Suppose 4*r + 18 = 2*q, 7*q - 4*q - r = 17. Let c(w) = -w**2 + 5*w + 6. Give c(q).
6
Let k(t) = t**3 - 14*t**2 - 14*t - 20. Suppose a - x - 35 = -a, -2*a - 5*x = -5. Give k(a).
-5
Let h(d) = 31*d**2 - 11*d**2 - 18*d**2 - 1 + 0 + 2*d. Calculate h(1).
3
Suppose -3*p + 5*m = 36, 0 = 5*p - 5*m + 57 - 7. Let c(i) = i**2 + 7*i + 10. Determine c(p).
10
Suppose -5*y = -32 + 12. Let h(s) = -s**2 - 9*s + 4. Let i(b) = -b**2 - 2*b + 1. Let c(g) = h(g) - 2*i(g). Give c(y).
-2
Let d = 7 - 5. Suppose d*t = -5*x + 26, t + 35 = 6*t + 5*x. Let u(k) = 4 - k - 6 - t. Calculate u(-5).
0
Let m(j) = -j**3 + 15*j**2 - 8*j + 32. Let a be m(14). Let s = -122 + a. Let o(k) = k**3 + 6*k**2 - 2*k - 9. Calculate o(s).
3
Let c(b) be the first derivative of -1/3*b**3 + 5 + 11*b - 1/2*b**2 - 1/4*b**4. Let t = -8 - -8. What is c(t)?
11
Let k(o) = -4 + 1 + 0*o - 5*o. Let g(r) = 2*r**3 - r**2 + r - 2. Let m be (-2)/4*(4 - 4). Let a be g(m). Give k